w(3)?
2, 3, 7
Let f(v) = v**3 - 3*v**2 - 2*v - 2. Let d = 2 - -1. Suppose 2*n = -5*h + 20, -h + 2*n + 4 = d*n. List the prime factors of f(h).
2, 3
Suppose -5*g = -2*o - 72, -5*o - 15 = -2*g + 18. List the prime factors of g.
2, 7
Suppose 0 = -2*c + 7*c. Suppose -4*z + 52 + 76 = c. Suppose -5*r - 19 = w - 65, -2*r + 3*w + z = 0. What are the prime factors of r?
2, 5
Suppose 2 = -s + 1, 0 = 3*m - 5*s - 62. Suppose -3*q + 20 = -m. What are the prime factors of q?
13
Let g be 3*(1 + -2 + 0). What are the prime factors of 80/12 - (-2)/g?
2, 3
Let f(r) = -2*r. Let u be f(-2). Suppose 4*h + k = -0*k + 79, 0 = -u*h - 3*k + 77. List the prime factors of h.
2, 5
Let c = 0 + -4. Let g be (-3)/6 + (-250)/c. Suppose 3*t + 8*f = 4*f + g, -3*t - 5*f = -64. List the prime factors of t.
2, 3
Let r(y) be the third derivative of y**5/30 + y**4/4 - 2*y**2. List the prime factors of r(-4).
2
Let a = 135 - 71. List the prime factors of a.
2
Let w(h) = -2*h + 10. What are the prime factors of w(-9)?
2, 7
Let x = 232 + 33. List the prime factors of x.
5, 53
Let i(b) = b**3 + 9*b**2 + 7*b - 4. Let w be i(-8). Suppose -2*l + w*l - 76 = 0. List the prime factors of l.
2, 19
Suppose 63 = -0*r + 3*r + 2*y, -2*r = 5*y - 42. List the prime factors of r.
3, 7
Let u(l) be the third derivative of 4*l**2 + 1/4*l**4 + 0*l + 5/6*l**3 + 0 - 1/120*l**6 + 1/12*l**5. What are the prime factors of u(6)?
5
Let r(j) = 18*j**2 - 3*j + 1. Let k be r(2). List the prime factors of k/13 - 12/78.
5
Let q(i) be the second derivative of i**4/12 + i**3/2 - i**2/2 + 2*i. Let v = -3 + 5. What are the prime factors of q(v)?
3
Suppose 7*x - 52 - 109 = 0. List the prime factors of x.
23
Let m = 4 - 2. Suppose -4*i = 4*g - 24 - 36, i + 4*g = 21. Suppose 3*a - m = i. List the prime factors of a.
5
Let l(w) = w + 2. Let c be l(0). Suppose 5*g = -4*o + 69, -g + c*g = o - 6. What are the prime factors of o?
11
Let b = -66 + 102. Suppose 4*n - b = n. List the prime factors of n.
2, 3
Let c = 50 + -72. Let z(g) = g**3 - g**2 - 16. Let t be z(0). Let f = t - c. List the prime factors of f.
2, 3
Let h = -7 - -12. Suppose -h*o + 77 + 8 = 0. List the prime factors of o.
17
Let r(k) = k**3 + 6*k**2 - 10*k - 2. List the prime factors of r(-7).
19
Suppose 5*p - 68 = p. Suppose -4*o - 15 = -o + 5*z, 2*z - 46 = 4*o. Let a = o + p. List the prime factors of a.
7
Suppose -5*n + n = 12. Let l(c) = -2*c - 3. What are the prime factors of l(n)?
3
Suppose -3*g - 2*w + 677 - 126 = 0, 5*g = -3*w + 917. Suppose 5*v = -0*v + b + 225, -g = -4*v + b. What are the prime factors of v?
2, 11
Suppose 60 = -6*z + 522. List the prime factors of z.
7, 11
Suppose 2*g - 6*g = -2*b - 618, -2*g = -5*b - 305. What are the prime factors of g?
5, 31
Suppose -3*l = -0*l - 12. Suppose z - l*z + 51 = 0. What are the prime factors of z?
17
Let d = -93 - -348. What are the prime factors of d?
3, 5, 17
Suppose l - 72 = -s, 2*s - 211 = -s + 2*l. List the prime factors of s.
71
Suppose 832 = 8*q - 200. What are the prime factors of q?
3, 43
Let l(g) = 3*g - 1. Let w be l(1). Let b(n) = 3*n**3 - 7 + 3*n**3 - 7*n**w + 9*n - 5*n**3. List the prime factors of b(6).
11
Let f(t) = 2*t**2 - 7*t + 9. List the prime factors of f(5).
2, 3
Let j = 20 + 12. What are the prime factors of j?
2
Let w = 5 - 0. Suppose -w*d + 133 = 53. What are the prime factors of d?
2
Suppose -n + 0 = -1. Let j(i) = 10*i**3 + 1. List the prime factors of j(n).
11
What are the prime factors of -26*(0 - (-4)/(-8))?
13
Suppose 2*z + 7*d - 4*d = 15, d = 3*z - 17. Suppose -8*v + z*v + 28 = 0. What are the prime factors of v?
2, 7
Let i(v) = 8*v - 21. List the prime factors of i(17).
5, 23
Let x(k) = -2 + 8*k - 12*k - 11. Let d be x(-9). Let y = -15 + d. List the prime factors of y.
2
Let p = -14 - -39. Suppose w + 57 = 3*z - 5, 0 = -5*w - p. What are the prime factors of z?
19
Let l be 1 - (0 + -1 + 0). Suppose -1 = l*q + 1. List the prime factors of -5*(q - 4/(-10)).
3
What are the prime factors of ((-2)/(-6))/(((-150)/576)/(-25))?
2
Let d = -8 + 11. Let y = 0 + d. List the prime factors of y.
3
Let s be (-1)/((2/1)/26). Let f = 6 + -5. Let p = f - s. List the prime factors of p.
2, 7
Suppose -3*u - 6 = -u. List the prime factors of 54*((-5)/u)/5.
2, 3
Suppose -6 = 2*p + 5*w + 11, 0 = -p + 3*w + 8. Let h = p - 3. What are the prime factors of 280/36 + h/(-18)?
2
Let i be 28 + 0 - (2 - 2). Suppose 5*m - i = 7. Suppose m = 2*u - 5*f - 19, -6 = 3*f. List the prime factors of u.
2
Suppose -4*t = p - t - 14, 4*p - 71 = 3*t. What are the prime factors of p?
17
Let s = -11 - -11. Suppose s = -3*r + 35 + 19. What are the prime factors of r?
2, 3
What are the prime factors of 8/(-12) + (-8)/(-3)?
2
Let j be (-117)/(-12) - (-2)/8. Suppose -g + 3*p + j = -12, 4*g - 108 = 2*p. What are the prime factors of g?
2, 7
What are the prime factors of 930/9 + 4/(-12)?
103
Let p(m) = -m**2 + 40. List the prime factors of p(0).
2, 5
Suppose -3*n - 50 = -5*n. List the prime factors of n.
5
Suppose -5*w + 4*r + 45 = 0, 6 = 5*w - 3*w - 4*r. Let b = w + 4. What are the prime factors of b?
17
Let r be 6/15*(5 + 0). Let w(z) = -3*z**2 + z + 4*z**r - z**3 + z**2. List the prime factors of w(2).
2
Let x be ((-4)/16)/((-3)/12). List the prime factors of (156/13)/(0 + x).
2, 3
Let w be 2/10 + (-90)/(-50). Suppose -w*p - p = -36. What are the prime factors of p?
2, 3
Let a be ((-1)/1)/((-2)/16). Suppose -4*l - 14 = -v, -a = -3*v + 3*l + 7. Suppose -4*c + v*c = -3*i - 22, -5*c = 5*i - 55. What are the prime factors of c?
11
Suppose 50 = 9*n - 4*n. Suppose 3*h - 38 = n. Let y = -7 + h. What are the prime factors of y?
3
Suppose 6 = 2*v - 4. Suppose -v + 1 = -2*o. List the prime factors of 48/3 + o + -2.
2
Let k = 3 - 1. Suppose 3*i + 2 = k*i. Let p = 1 - i. What are the prime factors of p?
3
List the prime factors of -1*(-4 + (7 - -1) - 155).
151
Let d be (-15 + -1)/((-1)/1). Let r be 6/4*d/6. Suppose 5*k = -0*b + 2*b - 51, -r*b + 89 = 3*k. What are the prime factors of b?
23
Let c(v) = v**2 + 2*v + 4*v - 3 - 5*v. What are the prime factors of c(-4)?
3
Suppose 57 = 4*m - 175. Suppose m = p + p. What are the prime factors of p?
29
Suppose -q - q + 6 = 0. List the prime factors of (11 + -1)*q/6.
5
Let g be (-2)/(-3)*(-18)/(-4). Suppose -g*p + 50 = 11. Suppose 0 = -0*w + 5*w + 15, -f + 3*w = -p. List the prime factors of f.
2
Let l = 40 + -6. What are the prime factors of l?
2, 17
Let p(n) = 20*n**3 + n**2 - 2*n + 1. Let d be p(1). Suppose v = s - 4*v - 26, 5*v = -d. What are the prime factors of 9 + (-3)/s*-2?
2, 5
Let w(a) = -11*a - 2. What are the prime factors of w(-2)?
2, 5
Let x be 713/5 - (-4)/10. What are the prime factors of x/(-44)*(-5 - -1)?
13
Let y = 32 - -31. List the prime factors of y.
3, 7
Suppose 4*z = p - 61, p - 60 + 3 = 5*z. List the prime factors of p.
7, 11
Suppose 255*s - 261*s + 1236 = 0. What are the prime factors of s?
2, 103
Suppose 4*r + 39 = -0*r - q, 2*q = -3*r - 28. Let f = r + 31. What are the prime factors of f?
3, 7
List the prime factors of (-3438)/(-14) + (-88)/154.
5, 7
Suppose 0*o - 4*o = 20. Let b(w) = -2*w - 6. Let z be b(o). List the prime factors of (-2)/(-2 + z)*-2.
2
Let z be -4 - (-4)/(-3 - -5). Let w be z/(-7) - (-104)/28. Let o = 10 - w. What are the prime factors of o?
2, 3
Suppose 10*f = 16*f - 804. List the prime factors of f.
2, 67
Let l = -9 - -9. Suppose -35 = -2*k + 4*h + 1, l = 3*k + 5*h - 21. What are the prime factors of k?
2, 3
List the prime factors of (-744)/14*49/(-14).
2, 3, 31
Let b be 7/(-14) + 13/2. Let a = 10 - b. Suppose -r + 60 = a*r. List the prime factors of r.
2, 3
Let r = -287 - -178. Let g = r + 159. What are the prime factors of g?
2, 5
Let o = 76 - 38. Let q = 69 - o. List the prime factors of q.
31
Let a(o) = 2*o + 4 - 3 - 5*o + 2*o**2. Let n be a(3). Let z = -7 + n. What are the prime factors of z?
3
Suppose -b = -43 - 81. List the prime factors of b.
2, 31
Let m(s) = -s**3 - 2*s**2 + 7*s - 10. What are the prime factors of m(-5)?
2, 3, 5
Suppose 0 = 4*r - o - 9, o = -3*r + 6*o + 11. Suppose r*s - 28 = -12. What are the prime factors of s?
2
Let v(i) = -167*i**3 - 2*i**2 - i + 1. List the prime factors of v(-1).
167
Let o(k) = 16*k + 5. What are the prime factors of o(10)?
3, 5, 11
Suppose 2*v - 7 = -3. Suppose v*x = -3*x + 300. Suppose 2*